{"id":36,"date":"2014-02-12T22:20:23","date_gmt":"2014-02-12T22:20:23","guid":{"rendered":"http:\/\/jumalpa.com\/?page_id=36"},"modified":"2022-05-25T16:33:55","modified_gmt":"2022-05-25T16:33:55","slug":"jumalpa","status":"publish","type":"page","link":"https:\/\/jumalpa.com\/","title":{"rendered":"Jumalpa"},"content":{"rendered":"<p style=\"text-align: justify;\"><span style=\"color: #333333;\">Hola !!!<\/span><\/p>\n<p>Soy <em><strong>M\u00aa Jos\u00e9 Garc\u00eda<\/strong><\/em> y te doy la bienvenida a mi rinconcito, donde comparto una de mis pasiones,<em> la Cr\u00eda Familiar y Selectiva de algunas de mis Razas Caninas preferidas<\/em>.<\/p>\n<p><a href=\"https:\/\/jumalpa.com\/wp-content\/uploads\/2022\/05\/Perris-0820-2c.jpg\"><img fetchpriority=\"high\" decoding=\"async\" class=\"wp-image-2397 aligncenter\" src=\"https:\/\/jumalpa.com\/wp-content\/uploads\/2022\/05\/Perris-0820-2c-1024x614.jpg\" alt=\"\" width=\"505\" height=\"303\" srcset=\"https:\/\/jumalpa.com\/wp-content\/uploads\/2022\/05\/Perris-0820-2c-1024x614.jpg 1024w, https:\/\/jumalpa.com\/wp-content\/uploads\/2022\/05\/Perris-0820-2c-300x180.jpg 300w, https:\/\/jumalpa.com\/wp-content\/uploads\/2022\/05\/Perris-0820-2c-768x461.jpg 768w, https:\/\/jumalpa.com\/wp-content\/uploads\/2022\/05\/Perris-0820-2c.jpg 1500w\" sizes=\"(max-width: 505px) 100vw, 505px\" \/><\/a><\/p>\n<p>Te cuento un poco como de mi historia hasta el d\u00eda de hoy&#8230;<\/p>\n<p style=\"text-align: justify;\"><span style=\"color: #333333;\">La Raza que me enamor\u00f3 desde el primer momento que la conoc\u00ed fu\u00e9 el D\u00e1lmata, el cual me fascina, por su Energ\u00eda, Vitalidad, Inteligencia, Apego al Due\u00f1o y Belleza. Ha sido mi primera Raza Canina, con la que he aprendido mucho y con la que he comenzado mi andadura en este mundo de la Cr\u00eda Familiar, Selectiva y de Calidad.<\/span><\/p>\n<p><span style=\"color: #333333;\">Con lo que he ido aprendiendo de lo que leo y de los consejos de criadores y amigos, comenc\u00e9\u00a0 mi andadura en esto de la CR\u00cdA, <\/span><span style=\"color: #333333;\">para intentar conseguir en mis futuros ejemplares, <strong><em>S<\/em><em>ALUD, CAR\u00c1CTER, EQUILIBRIO Y BELLEZA<\/em><\/strong>, siempre en este orden.<\/span><\/p>\n<p>En casa he tenido varios D\u00e1lmatas, como son <strong>LUNA, SUGI y NUBE<\/strong>, que ya no est\u00e1n con nosotros. Pero ahora tengo a <strong>SENDA<\/strong>, de manchas marrones, hija de Nube, fruto de una de sus 4 camadas, que es pura dulzura. Es un encanto de perra, activa y muy cari\u00f1osa. Ha sido una gran madraza en sus tres camadas, y tambi\u00e9n he realizado varias actividades con ella, un poco de Obediencia Deportiva pero sobre todo Habilidades. Ahora est\u00e1 tranquila en casa, disfrutando del relax.<\/p>\n<p style=\"text-align: justify;\"><span style=\"color: #333333;\">El Dogo alem\u00e1n lleg\u00f3 a mi vida de una forma m\u00e1s meditada y deseada. Fue ya hace varios a\u00f1os, cuando estaba de visitante en una exposici\u00f3n canina, y vi a lo lejos un Dogo Alem\u00e1n junto a su due\u00f1o.<\/span><\/p>\n<p style=\"text-align: justify;\"><span style=\"color: #333333;\">Me qued\u00e9 literalmente perpleja por la majestuosidad de dicho ejemplar, pero sobre todo lo que m\u00e1s me asombr\u00f3 fue que en todo momento estaba al lado de su due\u00f1o, sin dejarse provocar por ning\u00fan otro perro, siempre atento a su due\u00f1o, y adem\u00e1s cari\u00f1oso y amable con toda aquella persona que lo acariciaba. Era una hembra atigrada, que os aseguro a\u00fan recuerdo. Desde ese momento, me dije que alg\u00fan d\u00eda tendr\u00eda un Dogo Alem\u00e1n en mi vida.<\/span><\/p>\n<p style=\"text-align: justify;\"><span style=\"color: #333333;\">Tras varios a\u00f1os con mis D\u00e1lmatas, y aprender todo lo posible acerca del Dogo, decid\u00ed que hab\u00eda llegado el momento de tener una hembra de esta Raza, para, primero conocer y disfrutar de esta Raza tan maravillosa, y segundo, para tambi\u00e9n Criar en el futuro Ejemplares de Calidad, tanto en Belleza como en Temperamento.<\/span><\/p>\n<p style=\"text-align: left;\">En casa tuvimos 2 hembras de Dogo Alem\u00e1n, <strong>AKIRA<\/strong> de color negro, la cual nos dej\u00f3 demasiado pronto, con a\u00f1o y medio, por una enfermedad degenerativa y <strong>BETA<\/strong>, de color azul, que tambi\u00e9n nos dejo a los 5 a\u00f1os, por una torsi\u00f3n de est\u00f3mago. Aunque logramos que fuera Campeona Joven en la Monogr\u00e1fica del Dogo Alem\u00e1n y tuvo una camada de 5 gorditos adorables.<\/p>\n<p style=\"text-align: left;\">Fueron 2 perras impresionantes en todos los sentidos. Super equilibradas, super sociables y super cari\u00f1osas. No descarto que en el futuro, vuelva a tener un ejemplar de esta raza tan majestuosa !!!<\/p>\n<p style=\"text-align: left;\"><span style=\"color: #333333;\">Unos a\u00f1os despu\u00e9s, decid\u00ed dedicarme m\u00e1s de lleno a la Educaci\u00f3n Canina, comenc\u00e9 a conocer una raza que me llamaba mucho la atenci\u00f3n como era el Border Collie y lleg\u00f3 a casa <strong>MAGIA<\/strong>, mi 1\u00aa <strong>Border Collie Azul Tricolor<\/strong>. Una raza que me ha fascinado, desde que he conocido el mundo de la Educaci\u00f3n Canina y el Adiestramiento Deportivo. Lleg\u00f3 con la misma o m\u00e1s ilusi\u00f3n que los dem\u00e1s, pero con una finalidad diferente. Era mi primera perrita con la que he aprendido todo, realizando con ella Agility, Habilidades Caninas y Obediencia Deportiva. Hoy en d\u00eda, ya es abueleta y est\u00e1 tranquila, disfrutando de su etapa de perreta mayor.<\/span><\/p>\n<p style=\"text-align: left;\">Hija de Magia, de su 2\u00aa camada con Elliot, me quede a <strong>SUITE<\/strong>, <strong>Negra Tricolor<\/strong>, la cual, para mi, <em>es casi la perra perfecta<\/em>. Super cari\u00f1osa, equilibrada, sociable y con unas aptitudes para el trabajo incre\u00edbles. Es un poco sensible pero lo da todo entrenando. Con ella realizo Habilidades Caninas y Dog Dance. Espero poder llegar a competir con ella alg\u00fan d\u00eda !!!<\/p>\n<p style=\"text-align: left;\">Y tambi\u00e9n, hija en este caso de Suite y Show, nos quedamos en casa a <strong>NA,VI<\/strong>, tambi\u00e9n <strong>Negra Tricolor<\/strong>, que es la peque de la familia. Con ella estoy entrenando Obediencia Deportiva y la verdad que cada d\u00eda disfruto m\u00e1s con ella. Siempre est\u00e1 dispuesta a colaborar y es muy inteligente. Y de car\u00e1cter, aunque es un poco m\u00e1s \u00abseria\u00bb, es muy equilibrada, sociable y cari\u00f1osa, aunque esto \u00faltimo lo ha ido desarrollando con el tiempo.<\/p>\n<p style=\"text-align: left;\"><span style=\"text-align: justify;\">Por \u00faltimo, otra Raza que en su d\u00eda me fascin\u00f3, por su gran fidelidad y aptitud para el trabajo, es el <\/span><strong style=\"text-align: justify;\">Pastor Belga Malinois<\/strong><span style=\"text-align: justify;\">. Y lleg\u00f3 a nuestro hogar <\/span><strong style=\"text-align: justify;\">KEYWA<\/strong><span style=\"text-align: justify;\">, una diablilla negra con unas ganas enormes de trabajar que nunca se acaban. Es intensa para todo, jejejeje Super cari\u00f1osa, aunque un poco insegura. Pero entrenando es una pasada, da a veces de m\u00e1s. Con ella estoy entrenando en Clase 3 de Obediencia Deportiva, hasta ver donde llegamos.<\/span><\/p>\n<p style=\"text-align: left;\">\n<p style=\"text-align: left;\"><span style=\"color: #333333;\"><strong>COMO CUIDO A MIS COMPA\u00d1ERAS<\/strong><\/span><\/p>\n<p style=\"text-align: left;\"><span style=\"color: #333333;\">1.\u00a0Al vivir en el Sur de Andaluc\u00eda, tenemos muy buen clima, durante casi todo el a\u00f1o, por lo que hay muchas horas de sol, y al tener un gran jard\u00edn, pueden disfrutar de este y del aire libre. Adem\u00e1s tiene una habitaci\u00f3n acondicionada de la casa, con su calefacci\u00f3n y su colch\u00f3n, que accede directamente al jard\u00edn.<\/span><\/p>\n<p style=\"text-align: left;\"><span style=\"color: #333333;\">2. Aun teniendo espacio para que ellas est\u00e9n al aire libre, pr\u00e1cticamente todos los d\u00edas paseamos por el campo cerca de una hora, as\u00ed corren y hacen el ejercicio necesario para su musculatura.<\/span><\/p>\n<p style=\"text-align: left;\"><span style=\"color: #333333;\">3. Tenemos un espacio de la casa acondicionado para los partos y para la crianza de los cachorros hasta que tienen la edad suficiente para vivir en el exterior. Tambi\u00e9n se utiliza para los posibles periodos de convalescencia de alguna de ellas.<\/span><\/p>\n<p style=\"text-align: left;\"><span style=\"color: #333333;\">4. La alimentaci\u00f3n est\u00e1 compuesta en su mayor\u00eda por Dieta Natural BARF, alternado con pienso de alta gama.<\/span><\/p>\n<p style=\"text-align: left;\"><span style=\"color: #333333;\">5.\u00a0Atenci\u00f3n veterinaria peri\u00f3dica como vacunas, desparasitaciones, revisiones etc, y cuando es necesario.<\/span><\/p>\n<p style=\"text-align: left;\"><span style=\"color: #333333;\">6. Por supuesto, viven en estrecha relaci\u00f3n con toda la familia en la vida diaria. Son una parte de la familia m\u00e1s.<\/span><\/p>\n<p style=\"text-align: left;\"><span style=\"color: #333333;\">7. Mis cuidados varias horas al d\u00eda, dedicadas al Entrenamiento y Adiestramiento, como Habilidades, Obediencia, etc&#8230; y tambi\u00e9n nuestros paseos diarios.<\/span><\/p>\n<p style=\"text-align: left;\"><span style=\"color: #333333;\">Y por \u00faltimo y no menos importante, darles mucho, mucho amor.<\/span><\/p>\n<p style=\"text-align: left;\">\n<p style=\"text-align: left;\">Una gran criadora de Dogos Alemanes dijo que \u00ab<em><strong>EL DOGO ALEMAN NO MERECE LA MEDIOCRIDAD\u00bb <\/strong><\/em>(Salmioraghi) Yo esto lo amplio tambi\u00e9n a cualquier Raza Canina.<\/p>\n<blockquote>\n<p style=\"text-align: left;\">\n<p>\u00abNING\u00daN PERRO\u00a0MERECE LA MEDIOCRIDAD\u00bb<br \/>\nM\u00aa Jos\u00e9 Garc\u00eda<\/p><\/blockquote>\n<p>&nbsp;<\/p>\n","protected":false},"excerpt":{"rendered":"<p>Hola !!! Soy M\u00aa Jos\u00e9 Garc\u00eda y te doy la bienvenida a mi rinconcito, donde comparto una de mis pasiones, la Cr\u00eda Familiar y Selectiva de algunas de mis Razas Caninas preferidas. Te cuento un poco como de mi historia hasta el d\u00eda de hoy&#8230; La Raza que me enamor\u00f3 desde el primer momento que &hellip; <\/p>\n<p class=\"link-more\"><a href=\"https:\/\/jumalpa.com\/\" class=\"more-link\">Leer m\u00e1s<span class=\"screen-reader-text\"> \u00abJumalpa\u00bb<\/span><\/a><\/p>\n","protected":false},"author":1,"featured_media":0,"parent":0,"menu_order":0,"comment_status":"closed","ping_status":"closed","template":"","meta":{"footnotes":""},"class_list":["post-36","page","type-page","status-publish","hentry"],"featured_media_urls":[],"_links":{"self":[{"href":"https:\/\/jumalpa.com\/index.php?rest_route=\/wp\/v2\/pages\/36","targetHints":{"allow":["GET"]}}],"collection":[{"href":"https:\/\/jumalpa.com\/index.php?rest_route=\/wp\/v2\/pages"}],"about":[{"href":"https:\/\/jumalpa.com\/index.php?rest_route=\/wp\/v2\/types\/page"}],"author":[{"embeddable":true,"href":"https:\/\/jumalpa.com\/index.php?rest_route=\/wp\/v2\/users\/1"}],"replies":[{"embeddable":true,"href":"https:\/\/jumalpa.com\/index.php?rest_route=%2Fwp%2Fv2%2Fcomments&post=36"}],"version-history":[{"count":12,"href":"https:\/\/jumalpa.com\/index.php?rest_route=\/wp\/v2\/pages\/36\/revisions"}],"predecessor-version":[{"id":2400,"href":"https:\/\/jumalpa.com\/index.php?rest_route=\/wp\/v2\/pages\/36\/revisions\/2400"}],"wp:attachment":[{"href":"https:\/\/jumalpa.com\/index.php?rest_route=%2Fwp%2Fv2%2Fmedia&parent=36"}],"curies":[{"name":"wp","href":"https:\/\/api.w.org\/{rel}","templated":true}]}}

<p style="text-align: justify;"><span style="color: #333333;">Hola !!!</span></p>
<p>Soy <em><strong>Mª José García</strong></em> y te doy la bienvenida a mi rinconcito, donde comparto una de mis pasiones,<em> la Cría Familiar y Selectiva de algunas de mis Razas Caninas preferidas</em>.</p>
<p><a href="https://jumalpa.com/wp-content/uploads/2022/05/Perris-0820-2c.jpg"><img fetchpriority="high" decoding="async" class="wp-image-2397 aligncenter" src="https://jumalpa.com/wp-content/uploads/2022/05/Perris-0820-2c-1024x614.jpg" alt="" width="505" height="303" srcset="https://jumalpa.com/wp-content/uploads/2022/05/Perris-0820-2c-1024x614.jpg 1024w, https://jumalpa.com/wp-content/uploads/2022/05/Perris-0820-2c-300x180.jpg 300w, https://jumalpa.com/wp-content/uploads/2022/05/Perris-0820-2c-768x461.jpg 768w, https://jumalpa.com/wp-content/uploads/2022/05/Perris-0820-2c.jpg 1500w" sizes="(max-width: 505px) 100vw, 505px" /></a></p>
<p>Te cuento un poco como de mi historia hasta el día de hoy&#8230;</p>
<p style="text-align: justify;"><span style="color: #333333;">La Raza que me enamoró desde el primer momento que la conocí fué el Dálmata, el cual me fascina, por su Energía, Vitalidad, Inteligencia, Apego al Dueño y Belleza. Ha sido mi primera Raza Canina, con la que he aprendido mucho y con la que he comenzado mi andadura en este mundo de la Cría Familiar, Selectiva y de Calidad.</span></p>
<p><span style="color: #333333;">Con lo que he ido aprendiendo de lo que leo y de los consejos de criadores y amigos, comencé  mi andadura en esto de la CRÍA, </span><span style="color: #333333;">para intentar conseguir en mis futuros ejemplares, <strong><em>S</em><em>ALUD, CARÁCTER, EQUILIBRIO Y BELLEZA</em></strong>, siempre en este orden.</span></p>
<p>En casa he tenido varios Dálmatas, como son <strong>LUNA, SUGI y NUBE</strong>, que ya no están con nosotros. Pero ahora tengo a <strong>SENDA</strong>, de manchas marrones, hija de Nube, fruto de una de sus 4 camadas, que es pura dulzura. Es un encanto de perra, activa y muy cariñosa. Ha sido una gran madraza en sus tres camadas, y también he realizado varias actividades con ella, un poco de Obediencia Deportiva pero sobre todo Habilidades. Ahora está tranquila en casa, disfrutando del relax.</p>
<p style="text-align: justify;"><span style="color: #333333;">El Dogo alemán llegó a mi vida de una forma más meditada y deseada. Fue ya hace varios años, cuando estaba de visitante en una exposición canina, y vi a lo lejos un Dogo Alemán junto a su dueño.</span></p>
<p style="text-align: justify;"><span style="color: #333333;">Me quedé literalmente perpleja por la majestuosidad de dicho ejemplar, pero sobre todo lo que más me asombró fue que en todo momento estaba al lado de su dueño, sin dejarse provocar por ningún otro perro, siempre atento a su dueño, y además cariñoso y amable con toda aquella persona que lo acariciaba. Era una hembra atigrada, que os aseguro aún recuerdo. Desde ese momento, me dije que algún día tendría un Dogo Alemán en mi vida.</span></p>
<p style="text-align: justify;"><span style="color: #333333;">Tras varios años con mis Dálmatas, y aprender todo lo posible acerca del Dogo, decidí que había llegado el momento de tener una hembra de esta Raza, para, primero conocer y disfrutar de esta Raza tan maravillosa, y segundo, para también Criar en el futuro Ejemplares de Calidad, tanto en Belleza como en Temperamento.</span></p>
<p style="text-align: left;">En casa tuvimos 2 hembras de Dogo Alemán, <strong>AKIRA</strong> de color negro, la cual nos dejó demasiado pronto, con año y medio, por una enfermedad degenerativa y <strong>BETA</strong>, de color azul, que también nos dejo a los 5 años, por una torsión de estómago. Aunque logramos que fuera Campeona Joven en la Monográfica del Dogo Alemán y tuvo una camada de 5 gorditos adorables.</p>
<p style="text-align: left;">Fueron 2 perras impresionantes en todos los sentidos. Super equilibradas, super sociables y super cariñosas. No descarto que en el futuro, vuelva a tener un ejemplar de esta raza tan majestuosa !!!</p>
<p style="text-align: left;"><span style="color: #333333;">Unos años después, decidí dedicarme más de lleno a la Educación Canina, comencé a conocer una raza que me llamaba mucho la atención como era el Border Collie y llegó a casa <strong>MAGIA</strong>, mi 1ª <strong>Border Collie Azul Tricolor</strong>. Una raza que me ha fascinado, desde que he conocido el mundo de la Educación Canina y el Adiestramiento Deportivo. Llegó con la misma o más ilusión que los demás, pero con una finalidad diferente. Era mi primera perrita con la que he aprendido todo, realizando con ella Agility, Habilidades Caninas y Obediencia Deportiva. Hoy en día, ya es abueleta y está tranquila, disfrutando de su etapa de perreta mayor.</span></p>
<p style="text-align: left;">Hija de Magia, de su 2ª camada con Elliot, me quede a <strong>SUITE</strong>, <strong>Negra Tricolor</strong>, la cual, para mi, <em>es casi la perra perfecta</em>. Super cariñosa, equilibrada, sociable y con unas aptitudes para el trabajo increíbles. Es un poco sensible pero lo da todo entrenando. Con ella realizo Habilidades Caninas y Dog Dance. Espero poder llegar a competir con ella algún día !!!</p>
<p style="text-align: left;">Y también, hija en este caso de Suite y Show, nos quedamos en casa a <strong>NA,VI</strong>, también <strong>Negra Tricolor</strong>, que es la peque de la familia. Con ella estoy entrenando Obediencia Deportiva y la verdad que cada día disfruto más con ella. Siempre está dispuesta a colaborar y es muy inteligente. Y de carácter, aunque es un poco más «seria», es muy equilibrada, sociable y cariñosa, aunque esto último lo ha ido desarrollando con el tiempo.</p>
<p style="text-align: left;"><span style="text-align: justify;">Por último, otra Raza que en su día me fascinó, por su gran fidelidad y aptitud para el trabajo, es el </span><strong style="text-align: justify;">Pastor Belga Malinois</strong><span style="text-align: justify;">. Y llegó a nuestro hogar </span><strong style="text-align: justify;">KEYWA</strong><span style="text-align: justify;">, una diablilla negra con unas ganas enormes de trabajar que nunca se acaban. Es intensa para todo, jejejeje Super cariñosa, aunque un poco insegura. Pero entrenando es una pasada, da a veces de más. Con ella estoy entrenando en Clase 3 de Obediencia Deportiva, hasta ver donde llegamos.</span></p>
<p style="text-align: left;">
<p style="text-align: left;"><span style="color: #333333;"><strong>COMO CUIDO A MIS COMPAÑERAS</strong></span></p>
<p style="text-align: left;"><span style="color: #333333;">1. Al vivir en el Sur de Andalucía, tenemos muy buen clima, durante casi todo el año, por lo que hay muchas horas de sol, y al tener un gran jardín, pueden disfrutar de este y del aire libre. Además tiene una habitación acondicionada de la casa, con su calefacción y su colchón, que accede directamente al jardín.</span></p>
<p style="text-align: left;"><span style="color: #333333;">2. Aun teniendo espacio para que ellas estén al aire libre, prácticamente todos los días paseamos por el campo cerca de una hora, así corren y hacen el ejercicio necesario para su musculatura.</span></p>
<p style="text-align: left;"><span style="color: #333333;">3. Tenemos un espacio de la casa acondicionado para los partos y para la crianza de los cachorros hasta que tienen la edad suficiente para vivir en el exterior. También se utiliza para los posibles periodos de convalescencia de alguna de ellas.</span></p>
<p style="text-align: left;"><span style="color: #333333;">4. La alimentación está compuesta en su mayoría por Dieta Natural BARF, alternado con pienso de alta gama.</span></p>
<p style="text-align: left;"><span style="color: #333333;">5. Atención veterinaria periódica como vacunas, desparasitaciones, revisiones etc, y cuando es necesario.</span></p>
<p style="text-align: left;"><span style="color: #333333;">6. Por supuesto, viven en estrecha relación con toda la familia en la vida diaria. Son una parte de la familia más.</span></p>
<p style="text-align: left;"><span style="color: #333333;">7. Mis cuidados varias horas al día, dedicadas al Entrenamiento y Adiestramiento, como Habilidades, Obediencia, etc&#8230; y también nuestros paseos diarios.</span></p>
<p style="text-align: left;"><span style="color: #333333;">Y por último y no menos importante, darles mucho, mucho amor.</span></p>
<p style="text-align: left;">
<p style="text-align: left;">Una gran criadora de Dogos Alemanes dijo que «<em><strong>EL DOGO ALEMAN NO MERECE LA MEDIOCRIDAD» </strong></em>(Salmioraghi) Yo esto lo amplio también a cualquier Raza Canina.</p>
<blockquote>
<p style="text-align: left;">
<p>«NINGÚN PERRO MERECE LA MEDIOCRIDAD»<br />
Mª José García</p></blockquote>
<p>&nbsp;</p>

<p>Hola !!! Soy Mª José García y te doy la bienvenida a mi rinconcito, donde comparto una de mis pasiones, la Cría Familiar y Selectiva de algunas de mis Razas Caninas preferidas. Te cuento un poco como de mi historia hasta el día de hoy&#8230; La Raza que me enamoró desde el primer momento que &hellip; </p>
<p class="link-more"><a href="https://jumalpa.com/" class="more-link">Leer más<span class="screen-reader-text"> «Jumalpa»</span></a></p>
