{"id":1828,"date":"2016-11-05T17:36:02","date_gmt":"2016-11-05T17:36:02","guid":{"rendered":"http:\/\/jumalpa.com\/?page_id=1828"},"modified":"2016-11-05T17:36:02","modified_gmt":"2016-11-05T17:36:02","slug":"2a-semana","status":"publish","type":"page","link":"https:\/\/jumalpa.com\/?page_id=1828","title":{"rendered":"2\u00aa Semana"},"content":{"rendered":"<p>Nuestros peques siguen creciendo y cada d\u00eda est\u00e1n m\u00e1s bonitos. En este 2\u00aa semana han comenzado a salirles las manchitas y algunos ya est\u00e1n abriendo sus ojitos.<\/p>\n\n","protected":false},"excerpt":{"rendered":"<p>Nuestros peques siguen creciendo y cada d\u00eda est\u00e1n m\u00e1s bonitos. En este 2\u00aa semana han comenzado a salirles las manchitas y algunos ya est\u00e1n abriendo sus ojitos.<\/p>\n","protected":false},"author":1,"featured_media":0,"parent":1771,"menu_order":0,"comment_status":"closed","ping_status":"closed","template":"page-full.php","meta":{"footnotes":""},"class_list":["post-1828","page","type-page","status-publish","hentry"],"featured_media_urls":[],"_links":{"self":[{"href":"https:\/\/jumalpa.com\/index.php?rest_route=\/wp\/v2\/pages\/1828","targetHints":{"allow":["GET"]}}],"collection":[{"href":"https:\/\/jumalpa.com\/index.php?rest_route=\/wp\/v2\/pages"}],"about":[{"href":"https:\/\/jumalpa.com\/index.php?rest_route=\/wp\/v2\/types\/page"}],"author":[{"embeddable":true,"href":"https:\/\/jumalpa.com\/index.php?rest_route=\/wp\/v2\/users\/1"}],"replies":[{"embeddable":true,"href":"https:\/\/jumalpa.com\/index.php?rest_route=%2Fwp%2Fv2%2Fcomments&post=1828"}],"version-history":[{"count":1,"href":"https:\/\/jumalpa.com\/index.php?rest_route=\/wp\/v2\/pages\/1828\/revisions"}],"predecessor-version":[{"id":1848,"href":"https:\/\/jumalpa.com\/index.php?rest_route=\/wp\/v2\/pages\/1828\/revisions\/1848"}],"up":[{"embeddable":true,"href":"https:\/\/jumalpa.com\/index.php?rest_route=\/wp\/v2\/pages\/1771"}],"wp:attachment":[{"href":"https:\/\/jumalpa.com\/index.php?rest_route=%2Fwp%2Fv2%2Fmedia&parent=1828"}],"curies":[{"name":"wp","href":"https:\/\/api.w.org\/{rel}","templated":true}]}}